3
Let u(a) be the first derivative of 0*a**2 - 1 + 6*a - 1/3*a**3. What is u(0)?
6
Let g = 70 - 70. Let n(j) = j + 3. Calculate n(g).
3
Let u(t) = -t**2 + 6*t + 9. Let d be u(7). Suppose 2*q = -2*g - 2, -2*g + 14 = -4*q - d. Let i(h) = h - 2. Give i(g).
0
Let q(s) be the third derivative of -s**4/12 - s**3/3 + 4*s**2. Determine q(5).
-12
Let y = 14 + -20. Let b(x) be the third derivative of -1/120*x**6 - 1/10*x**5 + 0*x - 1/24*x**4 - 4/3*x**3 + x**2 + 0. Calculate b(y).
-2
Let c be 40/12 - (-1)/(-3). Suppose -l = -c*l + 8. Suppose 4*d - 29 = -y - 4*y, l*d - 23 = y. Let q(b) = -b**3 + 7*b**2 - 6*b - 5. What is q(d)?
-5
Let z(w) = -2*w - 8. Let v be z(0). Let d(a) = -a - 7. Calculate d(v).
1
Suppose 2*g + 1 = g. Let a(f) = 5*f - 5. Let s(m) = 14*m - 14. Let d(r) = 17*a(r) - 6*s(r). Give d(g).
-2
Let j = 6 + -4. Let t(q) = 0 - q**2 + q + 2*q**2 - 4 - j*q. Suppose 14 = 3*b + l, -3*b - 3*l + 26 = 2*b. What is t(b)?
8
Let h(b) = -b**3 + 5*b**2 - 4*b + 2. Let w be h(2). Let f = w + -4. Let n(y) = -5*y + 2. What is n(f)?
-8
Let y(c) = 3*c - 1. Let x be (-1)/(0 + 2/(-4)). Let b(u) = -u**3 + 0*u + 1 - x*u + u. Let q be b(0). What is y(q)?
2
Let l = 1 - 1. Let i(u) = -1 - 2 + l - 2*u + u**2 + 3*u + u**3. Determine i(0).
-3
Let r(d) be the second derivative of 5*d**4/12 + d**3/3 - d**2/2 - d. Suppose -2*g - 9 = -5*g. Suppose -4*l + g + 1 = 0. Calculate r(l).
6
Suppose -5 = 4*r - 29. Let d(w) = 2*w**2 + 10*w - 3. Let p(b) = 3*b**2 + 11*b - 3. Let m(z) = -4*d(z) + 3*p(z). Determine m(r).
-3
Suppose -2*u + 3 = -5. Let g(l) = l**3 + l**2 - 5 + u*l**3 - 4*l**3 + l. Determine g(0).
-5
Let y(w) = -w**3 - 3*w**2 - 2*w + 1. Let i be y(-2). Let l(p) = 5*p**3 - p**2 + 2*p - 1. Calculate l(i).
5
Let b = -8 + 10. Let w(u) = 0 + b - 3 - 2 - u**2 + 3*u. Determine w(3).
-3
Let o(h) = 3*h + 3*h + 0 - 79*h**2 + 78*h**2 - 5. Calculate o(6).
-5
Let r(o) = o**2 + 10*o + 10. Let w(n) = 3*n**2 + 20*n + 18. Let y(f) = -5*r(f) + 2*w(f). Calculate y(11).
-3
Let h(n) = -n**2 - 4*n + 2. Let s(m) = -2*m + 2. Let k be s(3). Give h(k).
2
Let t(h) = 5*h. Suppose -2*x = 7 - 19. Suppose 2*d = x*d + 16. Let f(l) = -3*l. Let z(w) = d*t(w) - 7*f(w). Give z(5).
5
Let a = -11 + 8. Let m(w) = w + 1. Let t(d) = -d. Let l(j) = -3*m(j) - 2*t(j). What is l(a)?
0
Let s(z) = 6*z - 5. Let v(a) = 5*a - 6. Let u(d) = -2*s(d) + 3*v(d). Give u(6).
10
Let n = -22 - -20. Let p(d) = -5*d - 3. Calculate p(n).
7
Let n(y) = 7*y - 2. Let p(t) = 3*t - 2. Let s(f) = 2*n(f) - 5*p(f). Give s(11).
-5
Let u(m) = -3*m + 10 - 1 - 5. What is u(6)?
-14
Let q(a) = a. Let x(i) = i - 11. Suppose -4*s + 9*s - 40 = 0. Let z be x(s). Determine q(z).
-3
Let l(q) = -q**3 + 2*q**2 + 3*q. Suppose -3*c - 6 = -66. Let p = -12 + c. Let n = p - 5. Calculate l(n).
0
Let u(a) = 3*a**2 + a + 1. Suppose -4*v + 7*x + 28 = 2*x, 0 = 3*v + 3*x + 6. Suppose 3*t - 13 = v. Suppose 26 = -r + 5*p, -t*p + 5 = -4*p. What is u(r)?
3
Let g(s) be the third derivative of s**5/60 - 5*s**3/6 - 3*s**2. Determine g(0).
-5
Let u(v) be the second derivative of 0 + 1/20*v**5 + 6*v - 1/3*v**3 + 3*v**2 - 1/4*v**4. Determine u(4).
14
Suppose 2*x - x = 0. Let a(d) = -3*d + d + x*d. Give a(3).
-6
Let m(o) be the first derivative of o**2/2 + 7*o + 6. Suppose 1 + 19 = -5*p. Determine m(p).
3
Let a be -3 - 1/(-1)*-1. Let p be (-2)/a - (-10)/4. Let y(r) = -4 + 3 - 4*r**p + 2*r**3 - 2*r**2 + r. Calculate y(-2).
5
Let j be 1 + 64/(-36) + (-4)/18. Let d(f) = -f**2 - 2*f - 1. Calculate d(j).
0
Let f(q) = 3*q - 4. Let b = -1 + 3. Let c(l) = 7*l - 9. Let n(k) = b*c(k) - 5*f(k). What is n(-3)?
5
Let t(v) = v**3 - 5*v**2 - 2*v + 7. Let q be -1*-1*5/1. Determine t(q).
-3
Let l(s) = -s**3 + 3*s**2 - 2*s - 2. Let a(n) = n + 14. Let y be a(-10). Calculate l(y).
-26
Let l(b) = 6*b - 3. Let s(k) = -5*k + 4. Suppose 3*z = -u - u + 15, -4*u - z = -15. Let m(f) = u*l(f) + 4*s(f). Give m(5).
-3
Let z(r) be the third derivative of -r**5/60 - r**4/8 + r**3/2 + 20*r**2. Calculate z(-5).
-7
Let y(v) = 14*v + 3. Let z = 5 - 1. Let d(p) = 5*p + 1. Let w(m) = z*y(m) - 11*d(m). Let l be 4/10 + (-52)/(-20). Calculate w(l).
4
Let u(k) = 3*k**3 - 5*k**2 + 3*k + 1. Let n(z) = z**3 + 1. Let p(r) = 2*n(r) - u(r). Determine p(5).
-14
Let g be ((-5)/2)/(3/(-6)). Suppose 5*w + 11 = -9, -g*s = -4*w - 41. Let m(a) = 0 - 3*a - 3*a + 3 + 4*a. Give m(s).
-7
Let d(l) = -7*l**2 - 9*l + 5. Let f(r) = -r**2 - r + 1. Let n(k) = d(k) - 6*f(k). Determine n(-4).
-5
Let r be 10/14 + (-2)/(-7). Let x(j) = 4. Let y(w) = -w - 1. Let g(k) = -x(k) - 4*y(k). Calculate g(r).
4
Let v = 8 - 13. Let c(m) = -m**3 - 6*m**2 - 10*m + m**2 + 4 + 12*m. Calculate c(v).
-6
Let s = -5 - -8. Let v = s - 0. Let j(d) = -2*d**2 + 4*d. Determine j(v).
-6
Let k = -2 + 1. Let c be (k - 1)/((-2)/(-2)). Let g(l) = 2*l - 1. Calculate g(c).
-5
Let h(b) be the first derivative of 8*b**2 - 36*b + 4. Let y(q) = 3*q - 7. Let s(w) = -2*h(w) + 11*y(w). Let r be s(6). Let o(i) = 8*i**2 - 1. Determine o(r).
7
Suppose 3*d + 5*m = -12 - 28, 0 = -3*d + 2*m - 5. Let x(j) = 2*j**3 - 2*j**3 - j**3 - 5*j - 6*j**2 + 2. Determine x(d).
2
Let p(y) = 6*y - 1. Let s = 26 + -27. Determine p(s).
-7
Let r(u) be the second derivative of -u**5/10 - u**4/12 - u**3/6 + u**2/2 + 9*u. What is r(1)?
-3
Suppose 3*n = n + 10. Let q(h) be the third derivative of -h**5/60 + 3*h**2. Let p(y) = 8*y**2 - 2*y + 1. Let r(k) = n*q(k) + p(k). Give r(1).
2
Suppose 0 = -0*u - 4*u + 8. Suppose -u*d + 10 = 0, -2*w + 0*w - 6 = -2*d. Let k(g) = -g**2 + 3*g - 3. Calculate k(w).
-1
Let r(y) = 3*y**2 - 7*y + 23. Let q(u) = -u**2 + 2*u - 8. Let x(k) = -11*q(k) - 4*r(k). What is x(3)?
5
Let r(u) = u**2 - 9*u - 3. Suppose -4*j + 109 = o, 2*j - 7*j = 4*o - 139. Suppose -j*t - 36 = -31*t. Calculate r(t).
-3
Let l be (-2)/(-3) + (-2)/3. Suppose 5*w - 3*n + 35 = l, -n + 21 = -5*w + w. Let t(a) = -2 - 3*a - a**2 - a - a. What is t(w)?
2
Let x(d) = -3*d - 2*d + 0*d + 5 + d**2. Calculate x(4).
1
Let m(n) = -1 - 2*n - 5*n - 2 + 8*n. What is m(-4)?
-7
Suppose 19 = -3*l + 7. Let a(c) be the first derivative of -c**3/6 - 3*c**2/2 + 3*c + 1. Let n(k) be the first derivative of a(k). Give n(l).
1
Let h(j) = 10*j + 15. Let n(l) = 7*l + 10. Let b(s) = 5*h(s) - 7*n(s). Calculate b(-9).
-4
Let b(q) = q**2 + 7*q + 6. Let w(f) = f**2 - 10*f + 1. Let j be w(5). Let s be (j/16)/(6/16). Give b(s).
-6
Let s(t) = 2*t**3 - 11*t**2 - t**2 + 10*t**2 - t**3 - t. Calculate s(2).
-2
Let a(m) = 3*m**2 - 2*m - 1. Let t be (-1)/(-2 + 1 + 2). Calculate a(t).
4
Suppose -6*a = -2*a - 8. Suppose 2*u = -3*m - 2*m - 13, a*u + 4*m + 10 = 0. Let y be (1 - u)/(7 + -4). Let o(f) = f**2 + 10. Determine o(y).
10
Let q be -2 - (-6)/3 - -30. Suppose -q = 4*s - 6. Let h(l) = -l - 9. What is h(s)?
-3
Let n(r) be the third derivative of -r**5/60 + r**4/3 - r**3/3 + 10*r**2. Determine n(7).
5
Let f(r) = -3*r**2 + 3*r + 4. Let l(p) = -16*p**2 + 16*p + 21. Let t(x) = -11*f(x) + 2*l(x). Determine t(-2).
4
Let g(b) = 7*b**2 - 6 - 5*b**2 + 2*b - b + 5*b. Determine g(-5).
14
Let y(h) = -h + 6. Suppose -4*x + 12 = -5*q + 27, -5 = 5*q. Determine y(x).
11
Let m be (2/(-2) + 3)/(-2). Let k = m + 5. Let l(b) = 7*b**2 - 6*b - 2. Let a(p) = 10*p**2 - 9*p - 3. Let x(v) = -5*a(v) + 7*l(v). Determine x(k).
-3
Let q(w) be the first derivative of w**3/3 + 7*w**2/2 + 8*w - 1. What is q(-7)?
8
Let r(f) = 14 + f**3 - 15 - f + f**2 + 0*f**3. Suppose -3*l = q - 8*l + 20, -5*q + 5*l - 20 = 0. Give r(q).
-1
Let u(c) = -8 + 2*c - c - 2. Let l be u(7). Let a(z) = z**3 + z**2 - 5*z - 2. Calculate a(l).
-5
Let y(k) = 4*k**2 - 15*k - 11. Let r(t) = -t**2 + 5*t + 4. Suppose 2*c - 8 = 6. Let z(o) = c*r(o) + 2*y(o). What is z(-4)?
2
Let v(y) = -y**3 - y**2 + 3*y - 3. Let m = -63 - -60. Give v(m).
6
Suppose 0 = 5*s - 0*l - 2*l - 15, -4*l + 9 = 3*s. Let p(u) = 2*u + 2. Calculate p(s).
8
Let b(z) = 4*z + 10. Let f be b(-2). Let w(u) be the first derivative of -u**4/4 - u**2 + 2*u - 3. Determine w(f).
-10
Let i(n) = n**3 + 6*n**2 + 4*n - 6. Let m(g) = 2*g**2 + 4*g - 1. Let p(f) = f**2 + 2*f. Let o(b) = -3*m(b) + 5*p(b). Let q be o(-4). Give i(q).
-1
Let k(t) = 9*t**3 - 2*t + 1. Let s(n) = n - 2*n + 4 + 9. Let i be s(12). What is k(i)?
8
Let b(j) = 2*j + j + 6 + 0*j. Let i be (-3 + -1 - -2) + 7. Let c be (40/i)/(0 - 2). Give b(c).
-6
Let a(x) = -x**2 - 3*x + 4. Suppose 2*n = -5*g -